i + 12239 = 15*i, -3*i - 36690 = -3*l. Is l a composite number?
False
Suppose 2*s - 12*s + 5040 = 0. Let w = s - -1867. Is w composite?
False
Suppose -2*l = -32 - 40. Let t = l - -865. Is t a composite number?
True
Let y(k) be the second derivative of 49*k**4/4 + k**3/3 + 3*k**2/2 - 10*k. Is y(-2) a composite number?
False
Let d(f) = 167*f**2 - 5*f - 9. Let o(b) = -b**3 + 9*b**2 - 3. Let z be o(9). Is d(z) prime?
False
Let o(c) = 24*c + 18. Let h be o(10). Let z = h + -164. Is z prime?
False
Suppose 5*o - 18*h + 13*h - 283575 = 0, -4*o + 226824 = 5*h. Is o prime?
True
Is 250088/32 - 15/12 a prime number?
False
Suppose 30*j - 322716 = 61914. Is j prime?
True
Let x(j) = j**2 + 9*j. Let t be x(-9). Suppose t = -k - i - 1, 32 = 3*k - 4*i - 0*i. Suppose 0 = s - 4*q - 211, 3*s + 3*q - k*q - 578 = 0. Is s composite?
False
Let d(z) = -z. Let c(p) = -p + 1. Let f be c(7). Let o be d(f). Let y = o - -155. Is y a prime number?
False
Is (-3 - -2)/(52/(-111956)) a composite number?
False
Suppose 2*h - 2*c = 58752, 14*c - 9*c = -5*h + 146830. Is h prime?
False
Suppose -30*p - 11805 = -31*p - m, 3*p - 35419 = -4*m. Is p composite?
False
Let m be (-6)/4*(-692)/((-16)/(-8)). Let z = 6 + -2. Suppose 0 = -z*c + 1813 + m. Is c prime?
False
Let n = -2115 + 5054. Is n a composite number?
False
Let j = 32 - -21. Suppose 0 = 2*u - 315 + j. Let b = u - -242. Is b composite?
False
Let r be (-4)/(-18) - 706/18. Is 33*r/(-18)*2 a prime number?
False
Suppose 44*f - 78843 = 41*f. Is f composite?
True
Let z(t) = t**3 - 9*t**2 - 4*t + 2. Let s(j) = -j**2 - 24*j**3 - 21*j**3 - j + 1 + 46*j**3. Let x(f) = 5*s(f) - z(f). Is x(4) prime?
False
Let m = -2488 - -5193. Is m prime?
False
Suppose 0 = 5*n + 6*w - 3*w + 39, -5*n - 18 = -4*w. Is (-3412)/n*(-42)/(-28) a prime number?
True
Let z be ((-2)/(-4))/(3/(-198)). Let q = 62 + z. Let a = 192 - q. Is a prime?
True
Let t(c) = 2*c**2 + 6 - 3*c**2 + 2*c**3 - 6*c**3 + 3*c**3. Let d be t(0). Suppose f + 1005 = d*f. Is f prime?
False
Let d(q) = -q**3 - 14*q**2 + 5. Let t be d(-14). Suppose 16 = 4*w + w + 4*m, m - 4 = -t*w. Suppose 0 = -w*x - 2*x + 142. Is x composite?
False
Let k(l) = l**2 - 15*l - 17. Let o be k(16). Let w(u) = 117*u. Let m be w(o). Let b = m - -226. Is b a prime number?
True
Let q be (1 - 4/(-8))*-2 + 13. Let x(j) be the first derivative of -j**4/4 + 11*j**3/3 - 7*j**2/2 + j - 2. Is x(q) a composite number?
False
Let b(g) = g + 787. Let p be (-7)/((-21)/18) + 2. Let j = -8 + p. Is b(j) a prime number?
True
Suppose 4*f - j - 8652 = -f, -j = -f + 1732. Let k = f + -1213. Is k a prime number?
False
Suppose 3*m + d = -387 - 5343, -4*m + 2*d - 7630 = 0. Let o = -592 - m. Is o a composite number?
True
Suppose 180028 = 4*g + 5*a, 7*a + 225035 = 5*g + 8*a. Is g a composite number?
False
Let t = 14288 + -6625. Is t a composite number?
True
Let l(m) = 2*m**3 - 3*m**2 - 3*m + 2. Let t be l(3). Let g(i) = -i**3 + 20*i**2 + 5*i + 42. Is g(t) composite?
True
Let m(b) = -28*b**3 + 4*b + 2. Suppose 0 = 8*o - 12*o - 12. Is m(o) composite?
True
Let p = -571 + 1192. Suppose -2*h - 217 = -p. Is h prime?
False
Let r(l) = -l**2 - 12*l + 18. Let i be r(-13). Suppose -3*u + 368 = -2*m - i*u, -3*u + 378 = -2*m. Let q = m + 419. Is q a composite number?
False
Let d(y) = -2*y - 44. Let h be d(-20). Let v(o) = 3 + 0 - 6*o - 8*o. Is v(h) a prime number?
True
Is ((-12)/(-2) - -3404) + -1 a composite number?
True
Let y be -10*(-2)/4*24176/(-20). Let x = -3607 - y. Is x composite?
False
Suppose -2*c + 70 = 5*c. Let v(a) = a**3 - 9*a**2 + 7*a - 4. Is v(c) prime?
False
Suppose 2240 + 7622 = 2*h. Suppose -h = 4*l + 929. Is (2 + -3)/(5/l) a prime number?
True
Is 547 - (-11 - -7 - 0) a composite number?
True
Let t(c) = 5548*c + 125. Is t(14) a prime number?
True
Suppose -3363 = 3*g + 2*x, 2*x = 3*g + g + 4498. Let l = g + 3969. Is l prime?
False
Suppose 4*o - 2948 = 3*o. Let b = -109 - -114. Suppose b*p = g - 753, 2*g - 4*p - o = -2*g. Is g composite?
False
Suppose -2*s - d + 8 = 1, -27 = -2*s - 5*d. Let b be -4*((-12)/8 + s). Suppose -4*z = -2*k - 254, 0 = 3*z - b*k - 19 - 173. Is z a composite number?
True
Suppose 0 = -5*g - 3*d + 59450, 42*g + 2*d = 45*g - 35651. Is g a prime number?
True
Suppose 0 = -4*g - 20, -2*j + 6739 = 2*g + g. Is j prime?
False
Let y = -1002 + 3061. Is y a prime number?
False
Is 1846/5*85/34 composite?
True
Let x(b) = -6*b**2 - 11*b - 7. Let p(w) = 25*w**2 + 43*w + 27. Let v(z) = -2*p(z) - 9*x(z). Let k(s) be the first derivative of v(s). Is k(12) composite?
False
Suppose -3*u = -4*k + 5866, 323*u - 321*u + 4 = 0. Is k prime?
False
Let u(z) = 7*z**2 - 5*z + 11. Let o(b) = -b - 2. Let g be o(-9). Is u(g) prime?
False
Let g = 12425 + -3543. Is g a composite number?
True
Suppose 37*o + 947815 = 132*o. Is o a composite number?
True
Suppose -5*b + 1770 = 5750. Let k = b + 1587. Is k composite?
True
Let u(x) = 17*x**2 - 2*x - 13. Is u(4) a prime number?
True
Suppose 4*b = b - 3*o - 21, 15 = -3*o. Let h(g) = -90*g - 1. Is h(b) a prime number?
True
Suppose -13202 = -8*j - 6*j. Is j a prime number?
False
Let p(q) = q**3 - 6*q**2 + 4*q + 7. Let k be p(5). Let g be (-51)/(-15) - 6/15. Suppose 0 = k*j + g*j - 3*f - 1495, -3*f = 0. Is j a prime number?
False
Suppose 0 = -8*r + 6*r + 8. Suppose 0*q - 1836 = -3*o - 3*q, -r*o - 3*q + 2447 = 0. Is o a prime number?
False
Let z(p) = p - 1. Let x(k) = -46*k + 33. Let u(n) = x(n) - 2*z(n). Is u(-9) a composite number?
False
Suppose 5*x + 4*w - 1482 = 0, -x - x = -w - 598. Let i(l) = 929*l**2 - 4*l + 2. Let p be i(1). Suppose 3*y + 2*v - p = 0, x = -0*y + y - 3*v. Is y prime?
True
Let g(w) = w**3 - 6*w**2 + 2*w - 16. Is g(15) a prime number?
True
Let h(p) be the second derivative of -p**5/20 - p**4/3 - 3*p**3/2 + p**2/2 + 31*p. Is h(-6) a prime number?
True
Suppose -6893 = -10*p + 3997. Suppose -3*o = -o - 8. Suppose 2 = -m, -5*m - 549 - p = -o*s. Is s a prime number?
False
Suppose 1210 = 3*n - 0*n - 2*c, -2*n = c - 802. Suppose -16*u = -22*u + n. Is u prime?
True
Suppose -13523 - 11872 = -5*j. Is j prime?
False
Suppose -15 + 7 = -2*b. Let m be (3 - b) + 17 + -3. Let i(v) = -v**3 + 14*v**2 - 10*v - 18. Is i(m) prime?
False
Suppose -7812 - 9462 = -6*w. Is w a prime number?
True
Suppose 4*t = 8, -2*w - 2*t + 31 = -w. Suppose -4*y + 5*g + w = 0, -4*y + 90 = y + 5*g. Is y a prime number?
True
Let y(u) = u**3 - 12*u**2 - 8*u - 2. Is y(15) composite?
True
Let b = 41918 + -28083. Is b prime?
False
Is (662354/28 - -8)/(1/2) a prime number?
False
Suppose -2*d + 9*d - 36113 = 0. Let h = d - 3474. Is h a prime number?
False
Let t = 13 - 8. Let h(s) = s. Let w be h(t). Suppose -304 - 391 = -w*c. Is c a prime number?
True
Let o(i) = -i**3 - 13*i**2 + 13*i - 11. Let s be o(-14). Suppose -1188 + 315 = -s*c. Is c composite?
True
Let b(x) = -103*x + 11. Let d(g) = -5*g**3 + 4*g**2 - 4*g + 4. Let o be d(2). Let y = 23 + o. Is b(y) a composite number?
True
Let o(p) = p**2 - 1. Let t be o(1). Suppose t = -2*m - 3*m. Let c(k) = k**3 - k**2 + k + 13. Is c(m) composite?
False
Let t be 2*-4*(2 + -3)/(-1). Let u = 20 - -21. Let c = u + t. Is c a prime number?
False
Let p(q) = q**3 - 3*q**2 + 3*q + 8. Let g(v) = v**2 + v - 4. Let t be g(-4). Let u(w) = -w + 14. Let m be u(t). Is p(m) a composite number?
True
Let y(v) be the third derivative of 37*v**5/60 - v**4/8 + 7*v**3/6 + 17*v**2. Is y(3) a prime number?
True
Suppose -10*n + 700 = -5*n. Suppose 0 = 144*q - n*q - 1492. Is q prime?
True
Let r = 29185 - -3678. Is r composite?
True
Let r = -1 - -3. Suppose r*a + a - 3*u - 396 = 0, 0 = -a - 4*u + 107. Is a a composite number?
False
Suppose 18*j - 52952 = 10*j. Is j a prime number?
True
Suppose -4 = -s - 0*s. Suppose -116 = -s*y + 240. Is y a prime number?
True
Suppose 8*i - 4*i + 44 = 0. Let k(j) = j**3 + 12*j**2 - 13*j - 7. Is k(i) composite?
False
Suppose -4*t = -4*w - 100, -4*w + t = -0*t + 88. Let c = -29 - w. Is (-2)/c + (-7602)/(-24) a prime number?
True
Let m(s) = -7*s - 10. Let d be m(-7). Let w = 41 - d. Suppose -261 = -5*l + w*l. Is l a prime number?
False
Let d be (-77)/42 - 1/6. Is d/(-4)*(584 - -2) composite?
False
Let g be 25/(-1)*(-1)/1. Suppose 0 = 5*i - 4*o - 10, 4*i - 4*o - 4 = 2*i. Suppose -g = -i*u + 85. Is u a prime number?
False
Suppose 0 = -3*j - 4*m + 8246, 5*j - 5*m = 18447 - 4762. Suppose -3*p + 